y**2 + 0*y + 2 - 3/2*y**3 - 11/24*y**4 - 11/60*y**5 - 1/120*y**6. What is q(-10)?
1
Suppose -17*h + 113 - 6 = 5. Let v(t) = 3*t**2 - 10*t + 8. Determine v(h).
56
Let x(g) be the second derivative of -11*g**3/3 + g**2/2 - 135*g - 2. Let k(w) = w**2 + 4*w + 3. Let q be k(-3). Suppose m + q*m = 1. Calculate x(m).
-21
Let w(p) = -169*p - 3 + 171*p + 3. Let u be (-1)/(1/4) + (2 - -3). Determine w(u).
2
Let v = 51 - 48. Suppose 2 = -5*h - v*j, 0*h - 4*h - 2*j = 0. Suppose 2*b - 20 = -3*b, 2*z - h*b = 0. Let o(k) = -3*k + 6. Determine o(z).
-6
Let b(w) = 45*w**3 - 17*w**2 + 21*w + 55. Let m(d) = 32*d**3 - 12*d**2 + 15*d + 39. Let n(s) = -12*b(s) + 17*m(s). Calculate n(-2).
-35
Let f = -310 + 329. Let d(a) = -a**2 + 21*a - 27. Give d(f).
11
Let b(d) = 6*d**2 + 26*d + 11. Let t be (2 - -3)*(12/(-3) + 3). What is b(t)?
31
Let g(p) = -8*p**3 + 11*p**2 + 21*p + 7. Let q(o) = 6*o**3 - 10*o**2 - 18*o - 2. Let h(y) = 2*g(y) + 3*q(y). What is h(5)?
-2
Let p(z) = -z**3 + 3*z**2 - 11*z + 110. Let f(s) = s**3 - 2*s**2 + 9*s - 96. Let t(d) = 7*f(d) + 6*p(d). Determine t(-5).
-22
Let u(c) = -1282*c**2 - 4 + 1283*c**2 - 3518*c + 3518*c. Give u(0).
-4
Let z(v) = -v**2 - 8*v + 2. Let a(f) = -f**3 + 33*f**2 - f + 24. Let w(p) = -p**2 - 19*p - 1. Let b be w(-2). Let r be a(b). Determine z(r).
-7
Let d(c) = -4*c**3 - 1. Let m be -27*(-5 + 42/9). Let a be (m/(-63))/((-2)/14). Calculate d(a).
-5
Let y(v) = v**2 - 3*v + 4*v - 6*v**2. Let g(l) = 0*l**2 - 32*l**2 + 16*l**2 - 2*l**3 - 43 - 13*l**2 - 17*l. Let d be g(-14). Calculate y(d).
-6
Let p(k) = 99*k + 15 - 98*k - 13. Suppose 0*n - 105 = 5*f - 3*n, -n + 105 = -5*f. Let r be ((-7)/f)/((-1)/6). What is p(r)?
0
Let k(c) be the first derivative of -c**3/3 + 13*c**2/2 - 5*c + 422. What is k(8)?
35
Suppose -2*p = -6*p - 4, -4*p + 11 = -c. Let n(t) = t**3 + 17*t**2 + 31*t + 27. What is n(c)?
12
Let t be (2 + 3 + 2)*1. Let c(y) = 7*y**2 - 8*y - 4. Let k(a) = 6*a**2 - 8*a - 3. Let l = 19 - 14. Let j(d) = l*c(d) - 6*k(d). Give j(t).
5
Let b(v) = -70*v - 147. Let k(u) = 49*u + 103. Let c(q) = 5*b(q) + 7*k(q). Let d = 5 + -11. Calculate c(d).
28
Let a(x) = -43*x**2 - 43*x**2 + 5 - 6 - 7*x - x**3 + 94*x**2. Give a(5).
39
Suppose 2*n - 38 = -34. Let v(b) = -5*b + 5*b**2 + 3*b - b**n - 8*b**2 - 1. What is v(-1)?
-3
Let t(m) = -49*m**3 - 51*m**3 + 9*m**2 + 136*m**3 + 16*m - 14 - 37*m**3. What is t(10)?
46
Let f = 13513 + -40538/3. Let k(g) be the third derivative of f*g**3 + 41*g**2 + 0 + 0*g - 1/12*g**4. Calculate k(6).
-10
Let b(m) be the second derivative of m**5/20 - 2*m**4/3 + 11*m**3/6 + 2*m**2 + 12*m - 24. Calculate b(7).
32
Let y = -6281 + 6273. Let c(m) = 24*m + 180. What is c(y)?
-12
Let l(f) = 11*f**2 - 69*f - 9. Let c(a) = -22*a**2 + 155*a + 20. Let p(v) = -4*c(v) - 9*l(v). Let t(k) = 2*k + 11. Let s be t(-6). Determine p(s).
-11
Let r(x) = -18*x - x**3 + 7 - 22*x**2 + 68 - 52 - 11. Determine r(-21).
-51
Let b(w) = w**3 - 22*w**2 - 6*w + 133. Let p be 50/75 + 21/27*3 - -19. Calculate b(p).
1
Let x be (18/21)/((-2)/98). Let j = -34 - x. Suppose -j - 20 = 4*o. Let p(v) = -v**3 - 6*v**2 + 7*v - 6. Determine p(o).
-6
Let i = 9 + -4. Suppose 3*a - 130 = -x - a, 0 = -i*x + 3*a + 604. Let d = -131 + x. Let y(p) = -p - 11. What is y(d)?
-2
Let q(x) = -6*x + 19*x - 10 + 42 - 24 + 4*x. Calculate q(-2).
-26
Let b(x) = -x**2 + 4*x + 6. Let u(h) = h**3 + 5*h**2 + 5*h - 3. Let o be u(-3). Calculate b(o).
6
Let d(f) = 123*f - 3126. Let c(n) = 25*n - 620. Let r(h) = -11*c(h) + 2*d(h). Give r(20).
-12
Let m(f) = 2*f**2 - 33*f + 139. Let q be m(9). Let p(n) = -n**3 + 4*n**2 - 14*n + 60. What is p(q)?
4
Let d(v) = -779*v - 13. Let c(y) = -1872*y - 32. Let j(k) = -5*c(k) + 12*d(k). Let q(t) = -t**3 + 2*t**2 + 4*t - 4. Let i be q(3). Calculate j(i).
-8
Let i(u) be the third derivative of -u**5/30 + 17*u**4/12 - 17*u**3/3 + 2*u**2 + 1953. Calculate i(16).
-2
Let v(x) be the third derivative of x**6/120 - x**5/15 - x**4/12 - x**3/6 - 86385*x**2. Let z = 9 - 5. Calculate v(z).
-9
Let g(v) be the second derivative of 1/6*v**3 + 24*v - 11*v**2 + 2. Calculate g(0).
-22
Suppose 0 = 17*p - 92*p - 78*p - 1989. Let i(y) = y**3 + 9*y**2 - 50*y + 30. Determine i(p).
4
Let d(p) = -p - 14. Let b(m) = 2*m - 41 - 3*m + 0*m - 2*m. Let l(y) = -4*b(y) + 11*d(y). Determine l(-9).
1
Let z(f) = 5*f + 62. Let g(i) = -10*i - 147. Let t(d) = -3*g(d) - 7*z(d). Suppose 2*h - 5 = 5. What is t(h)?
-18
Let x(p) = -p**3 - 16*p**2 + 11*p - 9. Suppose -i = -4*a - 71, 140*a - 136*a + 62 = -2*i. Give x(a).
93
Let o(b) = 30*b - 69. Let t = 17587 + -17583. What is o(t)?
51
Let o(s) be the second derivative of s**4/12 - 5*s**3/2 - 15*s**2/2 - 2*s. Suppose 40 = -14*y + 9*y, 6*f + 2*y - 80 = 0. Calculate o(f).
1
Let i be 91/(-273) - (16/3)/(-4). Let q(h) = -19*h + 2. What is q(i)?
-17
Let v(h) = h**3 + 6 + 6 + 3*h**2 - 29 + 10 - 8*h + 4. Suppose -5*t + 100 = -0*t. Suppose k = -3*g - 11, -4*k - 5*g = -2*k + t. Calculate v(k).
-13
Let y(x) = -x**3 - 14*x**2 + x + 6. Let z be y(-15). Suppose -4*d = -u - 595 + z, -3*u + 15 = 0. Let t = d - 101. Let i(h) = -h**2 - 9*h - 6. What is i(t)?
14
Let s(v) = -5*v**3 + 10*v**2 - 15*v - 7. Let y(m) = -3*m**3 + 10*m**2 - 14*m - 7. Let t(w) = -2*s(w) + 3*y(w). Give t(-11).
4
Let s be ((-6)/5)/((-6)/20). Let x(n) be the first derivative of -32 + 1/3*n**3 + 2*n - 1/2*n**2. Calculate x(s).
14
Let q(n) = 16*n**2 + 10. Let h(j) = -5*j**2 - 3. Suppose -49*g + 18 = -40*g. Let k be ((-9)/(-6))/1 + 3/g. Let d(s) = k*q(s) + 10*h(s). Calculate d(-2).
-8
Let z(p) = -6*p**2 - 2. Suppose -40 = -2*u - 5*l, 5*u = -6*l + 7*l + 127. Let h be ((-2)/(-6))/(u/(-150)). Calculate z(h).
-26
Let v(f) = 2*f - 1 - 5*f + 7*f. Let n(x) = -x**2 - 40*x - 272. Let m be n(-31). Suppose 10*h = 3*h + m. Determine v(h).
3
Let n(d) be the third derivative of d**5/60 - 3*d**4/4 + 49*d**3/3 + 62*d**2 + 13. What is n(8)?
18
Let k(f) = -26*f**2 - 88*f - 11. Let o(h) = -5*h**2 - 20*h + 1. Let q(a) = k(a) - 5*o(a). Determine q(2).
4
Suppose -o - 36 = 3*o. Let h(b) = -175 + 60*b**2 - 59*b**2 + 178 + 9*b. Determine h(o).
3
Let o(c) = 289 + 3*c + 10*c + 27*c + 75*c**2 - 485 + 307 + 2*c**3. Determine o(-37).
0
Let v(h) = h**2 - 4*h + 6. Let r(x) = 10 - 2*x - x + 18*x + 7*x - x**2. Let n be r(22). Suppose -5*g - 25 = -n*g. Give v(g).
11
Let s(b) = -b - 1. Let c(u) = -2*u + 9*u + u - 1 - 7*u. Suppose 5*y + 4 = -5*d + 9, 5*d + 7 = -y. Let k be c(y). What is s(k)?
-3
Let k(c) = -2*c**3 - 32*c**2 - 121*c + 14. Let b be k(-9). Let j(i) = i**3 + 31*i**2 - 2*i - 66. What is j(b)?
-4
Let j(x) = 45*x**2 + 27*x + 9. Let u(a) = 11*a**2 + 3*a - 2. Let q(s) = j(s) - 4*u(s). Give q(-13).
-9
Let y(b) = 18*b + 204. Let t(m) = -9*m - 106. Let h(f) = 9*t(f) + 4*y(f). What is h(-16)?
6
Let d(y) = 13*y**3 - 3*y**2 + 2*y. Suppose 13*r + 12 = 25. What is d(r)?
12
Let w = 51 - 78. Let f be (-87)/w - 6/27. Let m(x) = x - x**2 - 2*x**3 - 6*x**f + 2*x**3. Give m(1).
-6
Let l = 20310 - 20292. Let v(m) be the first derivative of -l + 7/2*m**2 + 1/3*m**3 + m. Give v(-3).
-11
Let w = -48 - -51. Suppose 5*s - 22 = -d, -4*d + 9*d + w*s = 22. Let p(a) = 34*a - a**2 - a**3 + 9 - 33*a + 0*a**d. Calculate p(0).
9
Suppose -16*w = -69 - 27. Let t be ((-6)/(-3))/(-2 - (-16)/w). Let a(l) = 3 + 1 - 5 - t*l + l**2 - 2*l**2. Calculate a(-3).
-1
Suppose 4*o = 12, s = -3*s - 5*o + 111. Suppose 3*q - s = z, 3 = z - 5*q + 37. Let j(f) = f**3 + 8*f**2 - 11*f + 1. Give j(z).
19
Suppose 0 = -b - 4*r + 10, 0*b + 3*r - 12 = -3*b. Let h(j) = -2 + 1 - 15*j + 16*j + 6*j + 2 - j**b. Calculate h(7).
1
Let m(c) = -c**2 + 6*c - 4. Suppose 25*o = 28*o - 21. Suppose o*g - 21 - 14 = 0. Determine m(g).
1
Suppose x = -2*y + 4*y + 44, 0 = 5*x + 4*y - 192. Suppose -12*h = -2*h - x. Let m(f) = -3*f + 9. Determine m(h).
-3
Let o(g) be the third derivative of 5*g**4/6 - 55*g**3/3 - 2*g**2 + 21*g - 1. Calculate o(6).
10
Let r(o) be the second derivative of -o**3/6 + o**2/2 - 3*o + 11. Let f be r(3). Let w(v) = -v + 2*v + 1 - v**2 + 2*v**3 + 4*v**2. Give w(f).
-5
Suppose 568*y = 752*y - 920. Let o(v) be the third derivative of -v**5/60 + v**4/4 - v**3/2 + 2*v**2. Determine o(y).
2
Let a(g) = -14*g + 9. Let k(r) = 3*r - 2. Let x(c) = 2*a(c) + 9*k(c). Let q(u) = -u**2 - 51*u + 401. Let o be q(7). Determine x(o).
5
Let h(l) = 0*l - l + 0*l. Let o be 9/72 + 4732/32 